?
True
Is 12853 prime?
True
Is 832913 a prime number?
True
Is 11993 composite?
True
Is 2441693 a prime number?
False
Is 38039 prime?
True
Is 491 prime?
True
Is 1317 a composite number?
True
Is 9305 a prime number?
False
Is 2939 prime?
True
Is 6041 prime?
False
Is 11677 composite?
False
Is 566311 a prime number?
True
Is 11269 prime?
False
Is 253 a prime number?
False
Is 6673 a prime number?
True
Is 66551 a prime number?
False
Is 15421 prime?
False
Is 629113 a prime number?
True
Is 218543 composite?
True
Is 374209 composite?
True
Is 14599 a prime number?
False
Is 187463 prime?
True
Is 163099 prime?
False
Is 7411 composite?
False
Is 509451 a composite number?
True
Is 26659 a prime number?
False
Is 6761 composite?
False
Is 386873 composite?
True
Is 6245 a composite number?
True
Is 10723 prime?
True
Is 58361 a prime number?
False
Is 111119 composite?
False
Is 58189 composite?
False
Is 780977 prime?
False
Is 641 a prime number?
True
Is 2719 a composite number?
False
Is 205607 a prime number?
True
Is 557 composite?
False
Is 69029 composite?
False
Is 1886447 a composite number?
False
Is 83645 a prime number?
False
Is 8465 composite?
True
Is 1022573 composite?
False
Is 109049 composite?
False
Is 3365 composite?
True
Is 245483 a composite number?
True
Is 21001 a composite number?
False
Is 2917 prime?
True
Is 9101 prime?
False
Is 243055 a prime number?
False
Is 1067342 a composite number?
True
Is 373 a composite number?
False
Is 108271 a prime number?
True
Is 6121 prime?
True
Is 26591 a composite number?
False
Is 1782895 a composite number?
True
Is 308129 composite?
False
Is 4835 prime?
False
Is 9311 a composite number?
False
Is 69341 composite?
False
Is 5147 a composite number?
False
Is 43198 composite?
True
Is 89459 composite?
False
Is 19378 a composite number?
True
Is 43959 composite?
True
Is 90983 composite?
True
Is 148489 composite?
True
Is 10529 composite?
False
Is 86057 composite?
True
Is 191171 prime?
False
Is 2333 a composite number?
False
Is 958 composite?
True
Is 29119 a composite number?
True
Is 470201 a composite number?
False
Is 415 composite?
True
Is 25969 composite?
False
Is 230029 composite?
True
Is 5273 a composite number?
False
Is 1433714 prime?
False
Is 129307 composite?
True
Is 55147 prime?
True
Is 1649 a prime number?
False
Is 9089 composite?
True
Is 288437 prime?
False
Is 24595 a prime number?
False
Is 40253 composite?
False
Is 52439 a prime number?
False
Is 100643 a prime number?
False
Is 264697 composite?
False
Is 50359 composite?
False
Is 11611 a prime number?
False
Is 13771 prime?
False
Is 80251 a prime number?
True
Is 31811 composite?
True
Is 40861 prime?
False
Is 8269 a prime number?
True
Is 6211 a prime number?
True
Is 1141901 prime?
True
Is 635 composite?
True
Is 1049 a prime number?
True
Is 8521 a composite number?
False
Is 7009 a prime number?
False
Is 199039 composite?
False
Is 859 prime?
True
Is 17657 a prime number?
True
Is 10063 composite?
True
Is 282763 a composite number?
True
Is 23753 composite?
False
Is 11953 composite?
False
Is 301211 a composite number?
False
Is 24515 a prime number?
False
Is 6487 composite?
True
Is 12787 a composite number?
True
Is 1597 prime?
True
Is 2293 composite?
False
Is 11185 prime?
False
Is 39749 prime?
True
Is 279109 a composite number?
False
Is 147221 prime?
True
Is 2764787 composite?
False
Is 104693 prime?
True
Is 21673 prime?
True
Is 160309 a prime number?
True
Is 729193 composite?
True
Is 149689 composite?
False
Is 60209 a prime number?
True
Is 7841 prime?
True
Is 21893 prime?
True
Is 81749 a composite number?
False
Is 1379047 prime?
True
Is 895249 composite?
True
Is 172051 composite?
True
Is 2163163 a prime number?
True
Is 125777 a prime number?
True
Is 261151 a prime number?
False
Is 3989 a composite number?
False
Is 26185 a prime number?
False
Is 115633 composite?
True
Is 2525059 prime?
False
Is 185089 composite?
False
Is 418423 prime?
True
Is 132197 a prime number?
False
Is 17606 a prime number?
False
Is 36857 a prime number?
True
Is 5261 composite?
False
Is 188827 a composite number?
False
Is 36143 a prime number?
False
Is 48629 prime?
False
Is 73417 a prime number?
True
Is 74179 prime?
False
Is 1265731 a prime number?
False
Is 12071087 a prime number?
False
Is 472559 composite?
False
Is 13957 a prime number?
False
Is 1565013 prime?
False
Is 17617 composite?
True
Is 10133 composite?
False
Is 3347 a composite number?
False
Is 9865 a composite number?
True
Is 56369 a prime number?
True
Is 1200733 a prime number?
False
Is 256961 prime?
False
Is 53137 a composite number?
True
Is 194907 a composite number?
True
Is 468133 a prime number?
True
Is 37129 composite?
True
Is 10129 prime?
False
Is 2129 prime?
True
Is 87509 prime?
True
Is 36847 prime?
True
Is 7431 a composite number?
True
Is 907 prime?
True
Is 495623 prime?
False
Is 153641 composite?
False
Is 177677 composite?
False
Is 154909 composite?
True
Is 55801 a composite number?
True
Is 127369 prime?
False
Is 7681 a composite number?
False
Is 95 a composite number?
True
Is 240551 composite?
False
Is 3947 a prime number?
True
Is 23818 a prime number?
False
Is 181777 prime?
True
Is 738389 composite?
True
Is 18595 composite?
True
Is 730585 prime?
False
Is 10133 a composite number?
False
Is 82591 a prime number?
True
Is 42626 prime?
False
Is 1801 prime?
True
Is 34141 composite?
False
Is 1797 a composite number?
True
Is 384799 a composite number?
True
Is 70937 prime?
True
Is 1744567 a composite number?
True
Is 1623 a prime number?
False
Is 15527 prime?
True
Is 32855 prime?
False
Is 167261 a composite number?
False
Is 65623 composite?
True
Is 29977 a prime number?
False
Is 816413 composite?
True
Is 2155451 a composite number?
False
Is 85369 a composite number?
False
Is 354741 composite?
True
Is 11113 a composite number?
False
Is 39859 prime?
False
Is 691 prime?
True
Is 24391 composite?
False
Is 60185 a composite number?
True
Is 143053 a composite number?
False
Is 292139 prime?
False
Is 103349 composite?
False
Is 25549 prime?
False
Is 120157 a prime number?
True
Is 51043 prime?
True
Is 56247 prime?
False
Is 1954661 composite?
False
Is 2302 composite?
True
Is 1420357 a prime number?
True
Is 12013 a composite number?
True
Is 56939 prime?
False
Is 2813 a prime number?
False
Is 2999 a prime number?
True
Is 381559 a composite number?
False
Is 2225323 a prime number?
True
Is 109799 prime?
False
Is 2105 composite?
True
Is 320939 a prime number?
True
Is 717566 a composite number?
True
Is 326773 a prime number?
True
Is 12071 composite?
False
Is 60751 prime?
False
Is 259 a prime number?
False
Is 11777 a prime number?
True
Is 18883 a prime number?
False
Is 170129 composite?
True
Is 33809 composite?
False
Is 19807 a prime number?
False
Is 1219271 a prime number?
True
Is 7214 a composite number?
True
Is 14998 a prime number?
False
Is 385721 a prime number?
False
Is 505459 composite?
False
Is 40189 a composite number?
False
Is 15601 composite?
False
Is 348989 composite?
False
Is 5259 composite?
True
Is 65749 prime?
False
Is 1693 a prime number?
True
Is 59197 prime?
True
Is 7283 prime?
True
Is 24593 composite?
False
Is 2921 prime?
False
Is 1908223 a prime number?
True
Is 187843 composite?
False
Is 10123 a prime number?
False
Is 73417 a prime number?
True
Is 133913 a composite number?
True
Is 2032161 a prime number?
False
Is 8327 prime?
False
Is 12839 a composite number?
True
Is 15793 prime?
False
Is 413353 composite?
False
Is 39541 composite?
False
Is 64063 prime?
True
Is 19223 composite?
True
Is 263023 composite?
False
Is 23147 a composite number?
True
Is 121123 composite?
False
Is 4265 a composite number?
True
Is 1023697 composite?
False
Is 2161 a prime number?
True
Is 1835507 prime?
False
Is 23549 a composite number?
False
Is 4609 a composite number?
True
Is 8513 prime?
True
Is 28789 prime?
True
Is 394807 prime?
False
Is 367033 a composite number?
False
Is 13511 a prime number?
False
Is 225919 a composite number?
False
Is 7709 composite?
True
Is 15349 composite?
False
Is 1339 a composite number?
True
Is 75713 a composite number?
True
Is 33179 prime?
True
Is 81331 composite?
False
Is 7708879 composite?
False
Is 215653 composite?
False
Is 3659 prime?
True
Is 15901 prime?
True
Is 235673 composite?
False
Is 2617 composite?
False
Is 4534 a prime numbe